{"id":15,"date":"2022-05-04T12:47:06","date_gmt":"2022-05-04T12:47:06","guid":{"rendered":"https:\/\/perjesixmuller-wedding.hu\/?page_id=15"},"modified":"2022-08-22T19:51:50","modified_gmt":"2022-08-22T19:51:50","slug":"kapcsolat","status":"publish","type":"page","link":"https:\/\/perjesixmuller-wedding.hu\/?page_id=15","title":{"rendered":""},"content":{"rendered":"\n<h1 class=\"has-text-align-center has-text-color wp-block-heading\" style=\"color:#ba6f44;font-style:normal;font-weight:300\">KAPCSOLAT<\/h1>\n\n\n\n<p class=\"has-text-align-center\" style=\"font-size:5px\">______________________________________________________<\/p>\n\n\n\n<div style=\"height:40px\" aria-hidden=\"true\" class=\"wp-block-spacer\"><\/div>\n\n\n\n<p style=\"font-style:normal;font-weight:300\">A nagy napon ha b\u00e1rmilyen k\u00e9rd\u00e9s mer\u00fclne fel bennetek, k\u00e9rlek ne minket keressetek, hanem Kov\u00e1cs Zs\u00f3fi esk\u00fcv\u0151szervez\u0151nket, \u0151 fog tudni seg\u00edteni Nektek.<\/p>\n\n\n\n<div style=\"height:40px\" aria-hidden=\"true\" class=\"wp-block-spacer\"><\/div>\n\n\n\n<p class=\"has-text-align-center\" style=\"font-size:22px\"><strong>Kov\u00e1cs Zs\u00f3fi<\/strong><\/p>\n\n\n\n<p class=\"has-text-align-center\">0630 2251122<\/p>\n\n\n\n<div style=\"height:56px\" aria-hidden=\"true\" class=\"wp-block-spacer\"><\/div>\n\n\n\n<p class=\"has-text-align-left\" style=\"font-style:normal;font-weight:300\">A <strong>Haraszthy Pinc\u00e9szet<\/strong> pontos c\u00edme: 2091 Etyek, \u00d6reghegyi u 3108. hrsz.<\/p>\n\n\n\n<p class=\"has-text-align-left\" style=\"font-style:normal;font-weight:300\"><em>Adress of Haraszthy Winery: 2091 Etyek, \u00d6reghegyi u 3108. hrsz.<\/em><\/p>\n\n\n\n<div style=\"height:20px\" aria-hidden=\"true\" class=\"wp-block-spacer\"><\/div>\n\n\n\n<p class=\"has-text-align-left\" style=\"font-style:normal;font-weight:300\">A <strong>P\u00e1tyi Szent II. J\u00e1nos P\u00e1l Templom<\/strong> pontos c\u00edme:&nbsp;P\u00e1ty, Munk\u00e1s t\u00e9r, 2071.<\/p>\n\n\n\n<p class=\"has-text-align-left\" style=\"font-style:normal;font-weight:300\"><em>Adress of Church Szent II. J\u00e1nos P\u00e1l at P\u00e1ty: P\u00e1ty, Munk\u00e1s t\u00e9r, 2071<\/em>.<\/p>\n\n\n\n<div style=\"height:50px\" aria-hidden=\"true\" class=\"wp-block-spacer\"><\/div>\n\n\n\n<figure class=\"wp-block-gallery has-nested-images columns-5 is-cropped wp-block-gallery-1 is-layout-flex wp-block-gallery-is-layout-flex\">\n<figure class=\"wp-block-image size-large\"><img loading=\"lazy\" decoding=\"async\" width=\"1724\" height=\"2560\" data-id=\"173\" src=\"https:\/\/perjesixmuller-wedding.hu\/wp-content\/uploads\/2022\/05\/pati_deni_engagement-69-1-scaled.jpg\" alt=\"\" class=\"wp-image-173\" srcset=\"https:\/\/perjesixmuller-wedding.hu\/wp-content\/uploads\/2022\/05\/pati_deni_engagement-69-1-scaled.jpg 1724w, https:\/\/perjesixmuller-wedding.hu\/wp-content\/uploads\/2022\/05\/pati_deni_engagement-69-1-202x300.jpg 202w, https:\/\/perjesixmuller-wedding.hu\/wp-content\/uploads\/2022\/05\/pati_deni_engagement-69-1-1034x1536.jpg 1034w, https:\/\/perjesixmuller-wedding.hu\/wp-content\/uploads\/2022\/05\/pati_deni_engagement-69-1-1379x2048.jpg 1379w, https:\/\/perjesixmuller-wedding.hu\/wp-content\/uploads\/2022\/05\/pati_deni_engagement-69-1-40x60.jpg 40w\" sizes=\"auto, (max-width: 1724px) 100vw, 1724px\" \/><\/figure>\n\n\n\n<figure class=\"wp-block-image size-large\"><img loading=\"lazy\" decoding=\"async\" width=\"1707\" height=\"2560\" data-id=\"174\" src=\"https:\/\/perjesixmuller-wedding.hu\/wp-content\/uploads\/2022\/05\/pati_deni_engagement-62-1-scaled.jpg\" alt=\"\" class=\"wp-image-174\" srcset=\"https:\/\/perjesixmuller-wedding.hu\/wp-content\/uploads\/2022\/05\/pati_deni_engagement-62-1-scaled.jpg 1707w, https:\/\/perjesixmuller-wedding.hu\/wp-content\/uploads\/2022\/05\/pati_deni_engagement-62-1-200x300.jpg 200w, https:\/\/perjesixmuller-wedding.hu\/wp-content\/uploads\/2022\/05\/pati_deni_engagement-62-1-1024x1536.jpg 1024w, https:\/\/perjesixmuller-wedding.hu\/wp-content\/uploads\/2022\/05\/pati_deni_engagement-62-1-1365x2048.jpg 1365w, https:\/\/perjesixmuller-wedding.hu\/wp-content\/uploads\/2022\/05\/pati_deni_engagement-62-1-40x60.jpg 40w\" sizes=\"auto, (max-width: 1707px) 100vw, 1707px\" \/><\/figure>\n\n\n\n<figure class=\"wp-block-image size-large\"><img loading=\"lazy\" decoding=\"async\" width=\"1707\" height=\"2560\" data-id=\"175\" src=\"https:\/\/perjesixmuller-wedding.hu\/wp-content\/uploads\/2022\/05\/pati_deni_engagement-42-scaled.jpg\" alt=\"\" class=\"wp-image-175\" srcset=\"https:\/\/perjesixmuller-wedding.hu\/wp-content\/uploads\/2022\/05\/pati_deni_engagement-42-scaled.jpg 1707w, https:\/\/perjesixmuller-wedding.hu\/wp-content\/uploads\/2022\/05\/pati_deni_engagement-42-200x300.jpg 200w, https:\/\/perjesixmuller-wedding.hu\/wp-content\/uploads\/2022\/05\/pati_deni_engagement-42-1024x1536.jpg 1024w, https:\/\/perjesixmuller-wedding.hu\/wp-content\/uploads\/2022\/05\/pati_deni_engagement-42-1365x2048.jpg 1365w, https:\/\/perjesixmuller-wedding.hu\/wp-content\/uploads\/2022\/05\/pati_deni_engagement-42-40x60.jpg 40w\" sizes=\"auto, (max-width: 1707px) 100vw, 1707px\" \/><\/figure>\n\n\n\n<figure class=\"wp-block-image size-large\"><img loading=\"lazy\" decoding=\"async\" width=\"1707\" height=\"2560\" data-id=\"176\" src=\"https:\/\/perjesixmuller-wedding.hu\/wp-content\/uploads\/2022\/05\/pati_deni_engagement-3-scaled.jpg\" alt=\"\" class=\"wp-image-176\" srcset=\"https:\/\/perjesixmuller-wedding.hu\/wp-content\/uploads\/2022\/05\/pati_deni_engagement-3-scaled.jpg 1707w, https:\/\/perjesixmuller-wedding.hu\/wp-content\/uploads\/2022\/05\/pati_deni_engagement-3-200x300.jpg 200w, https:\/\/perjesixmuller-wedding.hu\/wp-content\/uploads\/2022\/05\/pati_deni_engagement-3-1024x1536.jpg 1024w, https:\/\/perjesixmuller-wedding.hu\/wp-content\/uploads\/2022\/05\/pati_deni_engagement-3-1365x2048.jpg 1365w, https:\/\/perjesixmuller-wedding.hu\/wp-content\/uploads\/2022\/05\/pati_deni_engagement-3-40x60.jpg 40w\" sizes=\"auto, (max-width: 1707px) 100vw, 1707px\" \/><\/figure>\n\n\n\n<figure class=\"wp-block-image size-large\"><img loading=\"lazy\" decoding=\"async\" width=\"1707\" height=\"2560\" data-id=\"172\" src=\"https:\/\/perjesixmuller-wedding.hu\/wp-content\/uploads\/2022\/05\/pati_deni_engagement-2-scaled.jpg\" alt=\"\" class=\"wp-image-172\" srcset=\"https:\/\/perjesixmuller-wedding.hu\/wp-content\/uploads\/2022\/05\/pati_deni_engagement-2-scaled.jpg 1707w, https:\/\/perjesixmuller-wedding.hu\/wp-content\/uploads\/2022\/05\/pati_deni_engagement-2-200x300.jpg 200w, https:\/\/perjesixmuller-wedding.hu\/wp-content\/uploads\/2022\/05\/pati_deni_engagement-2-1024x1536.jpg 1024w, https:\/\/perjesixmuller-wedding.hu\/wp-content\/uploads\/2022\/05\/pati_deni_engagement-2-1365x2048.jpg 1365w, https:\/\/perjesixmuller-wedding.hu\/wp-content\/uploads\/2022\/05\/pati_deni_engagement-2-40x60.jpg 40w\" sizes=\"auto, (max-width: 1707px) 100vw, 1707px\" \/><\/figure>\n<\/figure>\n","protected":false},"excerpt":{"rendered":"<p>KAPCSOLAT ______________________________________________________ A nagy napon ha b\u00e1rmilyen k\u00e9rd\u00e9s mer\u00fclne fel bennetek, k\u00e9rlek ne minket keressetek, hanem Kov\u00e1cs Zs\u00f3fi esk\u00fcv\u0151szervez\u0151nket, \u0151 fog tudni seg\u00edteni Nektek. Kov\u00e1cs &hellip; <\/p>\n","protected":false},"author":1,"featured_media":0,"parent":0,"menu_order":0,"comment_status":"closed","ping_status":"closed","template":"","meta":{"footnotes":""},"class_list":["post-15","page","type-page","status-publish","hentry","latest_post"],"_links":{"self":[{"href":"https:\/\/perjesixmuller-wedding.hu\/index.php?rest_route=\/wp\/v2\/pages\/15","targetHints":{"allow":["GET"]}}],"collection":[{"href":"https:\/\/perjesixmuller-wedding.hu\/index.php?rest_route=\/wp\/v2\/pages"}],"about":[{"href":"https:\/\/perjesixmuller-wedding.hu\/index.php?rest_route=\/wp\/v2\/types\/page"}],"author":[{"embeddable":true,"href":"https:\/\/perjesixmuller-wedding.hu\/index.php?rest_route=\/wp\/v2\/users\/1"}],"replies":[{"embeddable":true,"href":"https:\/\/perjesixmuller-wedding.hu\/index.php?rest_route=%2Fwp%2Fv2%2Fcomments&post=15"}],"version-history":[{"count":61,"href":"https:\/\/perjesixmuller-wedding.hu\/index.php?rest_route=\/wp\/v2\/pages\/15\/revisions"}],"predecessor-version":[{"id":474,"href":"https:\/\/perjesixmuller-wedding.hu\/index.php?rest_route=\/wp\/v2\/pages\/15\/revisions\/474"}],"wp:attachment":[{"href":"https:\/\/perjesixmuller-wedding.hu\/index.php?rest_route=%2Fwp%2Fv2%2Fmedia&parent=15"}],"curies":[{"name":"wp","href":"https:\/\/api.w.org\/{rel}","templated":true}]}}